f 1009653060?
2, 3, 5, 13, 47, 27541
List the prime factors of 143879015.
5, 7, 71, 57899
List the prime factors of 235318099.
235318099
List the prime factors of 1501377096.
2, 3, 29, 2157151
What are the prime factors of 1360151558?
2, 680075779
List the prime factors of 885955385.
5, 7, 823, 30757
What are the prime factors of 2830057367?
2830057367
List the prime factors of 17138142.
2, 3, 7, 17, 127
What are the prime factors of 77500068?
2, 3, 6458339
List the prime factors of 260243244.
2, 3, 7228979
What are the prime factors of 179636746?
2, 1511, 59443
List the prime factors of 2082998997.
3, 1567, 16411
List the prime factors of 1678821430.
2, 5, 11, 13, 31, 37871
List the prime factors of 30590679.
3, 7, 29, 50231
List the prime factors of 30441262.
2, 15220631
What are the prime factors of 4536421176?
2, 3, 7, 71, 54331
What are the prime factors of 44510563?
29, 331, 4637
What are the prime factors of 1980158141?
13, 83, 131, 14009
List the prime factors of 16639278.
2, 3, 2773213
List the prime factors of 4189545242.
2, 67, 239, 130817
What are the prime factors of 274464245?
5, 11, 4990259
List the prime factors of 644980484.
2, 161245121
What are the prime factors of 183681328?
2, 17, 675299
What are the prime factors of 1753897992?
2, 3, 7, 11, 191, 4969
List the prime factors of 679718424.
2, 3, 7, 11, 103, 3571
List the prime factors of 2614145949.
3, 290460661
What are the prime factors of 174462040?
2, 5, 4361551
List the prime factors of 692828263.
692828263
What are the prime factors of 276474912?
2, 3, 7, 411421
What are the prime factors of 679282698?
2, 3, 977, 115879
What are the prime factors of 347119627?
607, 571861
What are the prime factors of 14142035?
5, 773, 3659
What are the prime factors of 109835271?
3, 7, 13, 4967
What are the prime factors of 41581512?
2, 3, 7, 89, 103
What are the prime factors of 2687460512?
2, 11, 7634831
What are the prime factors of 2783120692?
2, 11, 233, 271471
List the prime factors of 314590484.
2, 13, 6049817
What are the prime factors of 23288869?
409, 56941
What are the prime factors of 77507647?
7, 71, 277, 563
List the prime factors of 573823737.
3, 83, 256057
List the prime factors of 915518782.
2, 17, 26927023
What are the prime factors of 256743681?
3, 41, 2087347
List the prime factors of 579836785.
5, 11, 23, 131, 3499
List the prime factors of 647364984.
2, 3, 7, 383, 10061
List the prime factors of 43405673.
31, 113, 12391
What are the prime factors of 5241865698?
2, 3, 97071587
What are the prime factors of 759659004?
2, 3, 13, 1623203
What are the prime factors of 1040723489?
13, 80055653
List the prime factors of 48274625.
5, 7, 55171
List the prime factors of 10733506.
2, 7, 766679
List the prime factors of 72963235.
5, 17, 59, 14549
List the prime factors of 2654452081.
2654452081
List the prime factors of 501421075.
5, 53, 223, 1697
List the prime factors of 147229185.
3, 5, 9815279
What are the prime factors of 61965329?
1301, 47629
List the prime factors of 25280062.
2, 137, 257, 359
What are the prime factors of 1811986957?
11, 164726087
List the prime factors of 35292052.
2, 8823013
List the prime factors of 141370563.
3, 29, 1249, 1301
List the prime factors of 127147015.
5, 887, 28669
What are the prime factors of 127888617?
3, 42629539
List the prime factors of 3356656183.
41, 257, 318559
List the prime factors of 644591237.
3821, 168697
List the prime factors of 1592846889.
3, 8317, 63839
What are the prime factors of 1331742329?
457, 2914097
List the prime factors of 420317894.
2, 17, 12362291
List the prime factors of 588321800.
2, 5, 11, 267419
What are the prime factors of 461133727?
29, 107, 148609
List the prime factors of 134972520.
2, 3, 5, 17, 109, 607
List the prime factors of 345570897.
3, 7, 16455757
What are the prime factors of 210435836?
2, 13, 109, 137, 271
List the prime factors of 245507094.
2, 3, 7, 19, 102551
What are the prime factors of 1078838800?
2, 5, 13, 207469
What are the prime factors of 885863692?
2, 7, 31637989
What are the prime factors of 713722186?
2, 17, 1733, 12113
What are the prime factors of 68104068?
2, 3, 5675339
What are the prime factors of 82698275?
5, 11, 300721
List the prime factors of 412043078.
2, 29, 47, 151153
What are the prime factors of 2981790011?
2981790011
What are the prime factors of 22944972?
2, 3, 43, 53, 839
List the prime factors of 304728769.
41, 7432409
List the prime factors of 1365552196.
2, 341388049
List the prime factors of 2818311244.
2, 7, 229, 62791
What are the prime factors of 1946725196?
2, 13, 2879771
What are the prime factors of 14239464?
2, 3, 29, 41, 499
List the prime factors of 63391539.
3, 101, 209213
What are the prime factors of 937817094?
2, 3, 2267, 68947
List the prime factors of 3887843750.
2, 5, 7, 2539
What are the prime factors of 971605278?
2, 3, 7, 2753, 2801
List the prime factors of 43959275.
5, 1758371
List the prime factors of 635961754.
2, 613, 518729
List the prime factors of 1344284505.
3, 5, 1106407
What are the prime factors of 8821468?
2, 593, 3719
What are the prime factors of 2541951427?
9203, 276209
What are the prime factors of 2925089213?
239, 12238867
What are the prime factors of 33896690?
2, 5, 269, 12601
What are the prime factors of 48296670?
2, 3, 5, 19, 84731
List the prime factors of 356065190.
2, 5, 13, 29, 94447
What are the prime factors of 1199530435?
5, 239906087
What are the prime factors of 510683586?
2, 3, 7, 59, 499
What are the prime factors of 626874684?
2, 3, 31, 809, 2083
What are the prime factors of 174169433?
599, 290767
List the prime factors of 32849577.
3, 359, 3389
What are the prime factors of 4460595656?
2, 11, 41, 1236307
List the prime factors of 7882828.
2, 947, 2081
What are the prime factors of 1067059674?
2, 3, 809, 73277
What are the prime factors of 1397754259?
11, 43, 1621, 1823
List the prime factors of 2954558742.
2, 3, 492426457
List the prime factors of 886886655.
3, 5, 19, 547, 5689
List the prime factors of 21860108.
2, 19, 383, 751
What are the prime factors of 91129723?
3701, 24623
List the prime factors of 35481174.
2, 3, 31, 190759
What are the prime factors of 19541713?
223, 87631
What are the prime factors of 5003694721?
89, 2153, 26113
List the prime factors of 22043208.
2, 3, 11, 83497
List the prime factors of 1273606079.
29, 1699, 25849
What are the prime factors of 37007082?
2, 3, 7, 139, 2113
List the prime factors of 225308154.
2, 3, 1021, 36779
What are the prime factors of 155237622?
2, 3, 1427, 18131
List the prime factors of 2218545045.
3, 5, 1825963
What are the prime factors of 4617016730?
2, 5, 461701673
List the prime factors of 7007192622.
2, 3, 1721, 226199
List the prime factors of 136819956.
2, 3, 7, 13, 2557
List the prime factors of 3901024319.
23, 83, 2043491
What are the prime factors of 1105015310?
2, 5, 7, 15785933
List the prime factors of 68714190.
2, 3, 5, 157, 1621
List the prime factors of 163792537.
163792537
What are the prime factors of 18668079?
3, 41, 50591
What are the prime factors of 94475354?
2, 47237677
List the prime factors of 3568809622.
2, 7, 254914973
List the prime factors of 22087122.
2, 3, 43, 59, 1451
List the prime factors of 131938609.
11, 11994419
List the prime factors of 156349186.
2, 7, 3011, 3709
What are the prime factors of 120026797?
11, 991957
List the prime factors of 140729124.
2, 3, 19, 617233
List the prime factors of 21789282.
2, 3, 311, 11677
What are the prime factors of 132363167?
139, 952253
List the prime factors of 2377486235.
5, 173, 1291, 2129
List the prime factors of 10079517.
3, 7, 89, 5393
List the prime factors of 2902143968.
2, 47, 1929617
List the prime factors of 54745149.
3, 43, 347, 1223
List the prime factors of 131717383.
7, 211, 257, 347
What are the prime factors of 965238619?
5399, 178781
What are the prime factors of 56203547?
17, 3306091
List the prime factors of 226113386.
2, 3083, 36671
What are the prime factors of 4057238470?
2, 5, 6733, 60259
List the prime factors of 13306746.
2, 3, 89, 24919
What are the prime factors of 41441283?
3, 13, 41, 53, 163
What are the prime factors of 6300204685?
5, 1489, 846233
List the prime factors of 493056321.
3, 17, 107, 90353
List the prime factors of 43697324